{"id":101,"date":"2017-01-16T22:08:37","date_gmt":"2017-01-16T21:08:37","guid":{"rendered":"http:\/\/aots.com\/public\/?page_id=101"},"modified":"2023-11-18T17:23:40","modified_gmt":"2023-11-18T16:23:40","slug":"statuts","status":"publish","type":"page","link":"https:\/\/aots.com\/public\/index.php\/qui-sommes-nous\/statuts\/","title":{"rendered":"Statuts"},"content":{"rendered":"<p><strong>Principaux articles des statuts de l&rsquo;A.O.T.S.<\/strong><\/p>\n<p><strong>Article 1<\/strong><br \/>\nIl est une association fran\u00e7aise d\u00e9nomm\u00e9e \u00ab\u00a0Association des Originaires et amis des Pays Tch\u00e8ques et Slovaque\u00a0\u00bb r\u00e9gie par la loi du 1er Juillet 1901 et par les pr\u00e9sents statuts.<\/p>\n<p><strong>Article 2<\/strong><br \/>\nL&rsquo;association a pour but d&rsquo;entretenir des liens d&rsquo;amiti\u00e8s entre ses membres, de mettre \u00e0\u00a0 leur disposition, dans la mesure de ses moyens et de ses possibilit\u00e9s, des activit\u00e9s \u00e9ducatives, r\u00e9cr\u00e9atives, sociales, sportives, touristiques et autres en rapport avec le patrimoine culturel tch\u00e8que et slovaque et de promouvoir celui-ci en France.<\/p>\n<p><strong>Article 3<\/strong><br \/>\nSon si\u00e8ge est sis au : 4 rue Ronsard &#8211; 92360 MEUDON. Il peut \u00eatre transf\u00e9r\u00e9 en tout autre endroit par d\u00e9cision du conseil d&rsquo;administration. La ratification par l&rsquo;assembl\u00e9e g\u00e9n\u00e9rale ordinaire sera n\u00e9cessaire.<\/p>\n<p><strong>Article 4<\/strong><br \/>\nLa dur\u00e9e de l&rsquo;association est illimit\u00e9e.<\/p>\n<p><strong>Article 5<\/strong><br \/>\nL&rsquo;association recrute ses membres sans distinction d&rsquo;opinion politique ou religieuse parmi les originaires des pays tch\u00e8ques et slovaque, leur famille et leurs amis.<\/p>\n<p><strong>Article 6<\/strong><br \/>\nL&rsquo;association se compose de membres honoraires, membres bienfaiteurs, membres actifs ou adh\u00e9rents.<br \/>\nLes membres honoraires sont propos\u00e9s par le conseil d&rsquo;administration et d\u00e9sign\u00e9s par l&rsquo;assembl\u00e9e g\u00e9n\u00e9rale ordinaire, compte tenu des services qu&rsquo;ils ont rendus dans le fonctionnement de l&rsquo;association. Ils forment le comit\u00e9 d&rsquo;honneur.<br \/>\nLes membres actifs ou adh\u00e9rents versent une cotisation annuelle fix\u00e9e chaque ann\u00e9e par l&rsquo;assembl\u00e9e g\u00e9n\u00e9rale ordinaire.<br \/>\nLes membres bienfaiteurs versent une cotisation annuelle sup\u00e9rieure \u00e0\u00a0 celle fix\u00e9e chaque ann\u00e9e par l&rsquo;assembl\u00e9e g\u00e9n\u00e9rale ordinaire.<\/p>\n<p><strong>Article 8<\/strong><br \/>\nLes ressources de l&rsquo;association comprennent, les cotisations de ses membres, les subventions l\u00e9gales qui pourront lui-\u00eatre accord\u00e9es, les int\u00e9r\u00eats et revenus des biens qu&rsquo;elle poss\u00e8de, le produit des f\u00eates et manifestations qu&rsquo;elle organise, toutes autres ressources conformes aux lois en vigueurs.<\/p>\n<p><strong>Article 10<\/strong><br \/>\nL&rsquo;association est dirig\u00e9e par un conseil d&rsquo;administration de vingt quatre membres au maximum, \u00e9lus par l&rsquo;assembl\u00e9e g\u00e9n\u00e9rale ordinaire, pour une dur\u00e9e de deux ans. Les membres du conseil d&rsquo;administration sont r\u00e9\u00e9ligibles.<br \/>\nEst \u00e9ligible, tout membre de l&rsquo;association ayant la qualit\u00e9 d&rsquo;\u00e9lecteur, pr\u00e9sent ou valablement excus\u00e9. Est \u00e9lecteur, tout membre de l&rsquo;association pr\u00e9sent, ayant adh\u00e9r\u00e9 \u00e0\u00a0 l&rsquo;association depuis plus de six mois et \u00e0\u00a0 jour de ses cotisations.<br \/>\nLe conseil d&rsquo;administration choisit parmi ses membres au scrutin \u00e0\u00a0 bulletin secret, un bureau compos\u00e9 de : 1 pr\u00e9sident, 3 vice-pr\u00e9sidents, 1 tr\u00e9sorier, un secr\u00e9taire et facultativement un tr\u00e9sorier adjoint.<br \/>\nEn cas de vacance, le conseil pourvoit provisoirement au remplacement de ses membres. Il est proc\u00e9d\u00e9 \u00e0\u00a0 leur remplacement d\u00e9finitivement par l&rsquo;assembl\u00e9e g\u00e9n\u00e9rale ordinaire suivante.<\/p>\n<p><strong>Article 13<\/strong><br \/>\nL&rsquo;assembl\u00e9e g\u00e9n\u00e9rale ordinaire comprend tous les membres vis\u00e9s \u00e0\u00a0 l&rsquo;article 6. Elle se r\u00e9unit une fois par an. Vingt jour au moins avant la date fix\u00e9e, les membres de l&rsquo;association sont convoqu\u00e9s par les soins du secr\u00e9taire. L&rsquo;ordre du jour est indiqu\u00e9 sur les convocations.<br \/>\nLe pr\u00e9sident, assist\u00e9 des membres du bureau, pr\u00e9side l&rsquo;assembl\u00e9e et expose la situation morale de l&rsquo;association. Le tr\u00e9sorier rend compte de sa gestion et soumet le bilan \u00e0\u00a0 l&rsquo;approbation de l&rsquo;assembl\u00e9e.<br \/>\nIl est proc\u00e9d\u00e9, \u00e0\u00a0 la fin de l&rsquo;ordre du jour, au remplacement au scrutin \u00e0\u00a0 bulletin secret des membres du conseil d&rsquo;administration sortants, dans les conditions pr\u00e9vues \u00e0\u00a0 l&rsquo;article 10.<br \/>\nLes d\u00e9cisions sont prises sur vote des pr\u00e9sents, \u00e0\u00a0 la majorit\u00e9 des suffrages exprim\u00e9s. En cas de partage la voix du pr\u00e9sident est pr\u00e9pond\u00e9rante.<\/p>\n","protected":false},"excerpt":{"rendered":"<p>Principaux articles des statuts de l&rsquo;A.O.T.S. Article 1 Il est une association fran\u00e7aise d\u00e9nomm\u00e9e \u00ab\u00a0Association des Originaires et amis des Pays Tch\u00e8ques et Slovaque\u00a0\u00bb r\u00e9gie par la loi du 1er Juillet 1901 et par les pr\u00e9sents statuts. Article 2 L&rsquo;association a pour but d&rsquo;entretenir des liens d&rsquo;amiti\u00e8s entre ses membres, de mettre \u00e0\u00a0 leur disposition, &hellip; <a href=\"https:\/\/aots.com\/public\/index.php\/qui-sommes-nous\/statuts\/\" class=\"more-link\">Continuer la lecture de <span class=\"screen-reader-text\">Statuts<\/span>  <span class=\"meta-nav\">&rarr;<\/span><\/a><\/p>\n","protected":false},"author":1,"featured_media":0,"parent":97,"menu_order":0,"comment_status":"closed","ping_status":"closed","template":"","meta":{"footnotes":""},"class_list":["post-101","page","type-page","status-publish","hentry"],"_links":{"self":[{"href":"https:\/\/aots.com\/public\/index.php\/wp-json\/wp\/v2\/pages\/101","targetHints":{"allow":["GET"]}}],"collection":[{"href":"https:\/\/aots.com\/public\/index.php\/wp-json\/wp\/v2\/pages"}],"about":[{"href":"https:\/\/aots.com\/public\/index.php\/wp-json\/wp\/v2\/types\/page"}],"author":[{"embeddable":true,"href":"https:\/\/aots.com\/public\/index.php\/wp-json\/wp\/v2\/users\/1"}],"replies":[{"embeddable":true,"href":"https:\/\/aots.com\/public\/index.php\/wp-json\/wp\/v2\/comments?post=101"}],"version-history":[{"count":4,"href":"https:\/\/aots.com\/public\/index.php\/wp-json\/wp\/v2\/pages\/101\/revisions"}],"predecessor-version":[{"id":19363,"href":"https:\/\/aots.com\/public\/index.php\/wp-json\/wp\/v2\/pages\/101\/revisions\/19363"}],"up":[{"embeddable":true,"href":"https:\/\/aots.com\/public\/index.php\/wp-json\/wp\/v2\/pages\/97"}],"wp:attachment":[{"href":"https:\/\/aots.com\/public\/index.php\/wp-json\/wp\/v2\/media?parent=101"}],"curies":[{"name":"wp","href":"https:\/\/api.w.org\/{rel}","templated":true}]}}